{"id":6,"date":"2024-04-05T20:29:56","date_gmt":"2024-04-05T18:29:56","guid":{"rendered":"https:\/\/brico.crossin.pl\/?page_id=6"},"modified":"2024-04-10T14:05:03","modified_gmt":"2024-04-10T12:05:03","slug":"start","status":"publish","type":"page","link":"https:\/\/brico.crossin.pl\/","title":{"rendered":"Start"},"content":{"rendered":"\n<div class=\"wp-block-columns alignfull top-sec gap0 is-layout-flex wp-container-core-columns-is-layout-2 wp-block-columns-is-layout-flex\">\n<div class=\"wp-block-column is-layout-flow wp-block-column-is-layout-flow\">\n<div class=\"top-house\"><img decoding=\"async\" src=\"\/wp-content\/uploads\/2024\/04\/crossin-house-01.webp\" alt=\"Crossin Technologia\"><\/div>\n<\/div>\n\n\n\n<div class=\"wp-block-column top-voucher-col is-layout-flow wp-block-column-is-layout-flow\">\n<div class=\"wp-block-columns top-voucher-cols gap0 is-layout-flex wp-container-core-columns-is-layout-1 wp-block-columns-is-layout-flex\">\n<div class=\"wp-block-column is-layout-flow wp-block-column-is-layout-flow\" style=\"flex-basis:68%\">\n<div class=\"top-voucher\">\n    <div class=\"top-voucher-content\">\n        <p>Skorzystaj w swoim domu <br>z wyj\u0105tkowo skutecznej <br><span>izolacji pian\u0105 PUR<\/span> i zyskaj<\/p>\n        <h1>VOUCHER na&nbsp;5%<\/h1>\n        <p>warto\u015bci wykonania izolacji <br>na zakupy w<\/p>\n    <\/div>\n<\/div>\n<\/div>\n\n\n\n<div class=\"wp-block-column is-layout-flow wp-block-column-is-layout-flow\" style=\"flex-basis:32%\">\n<div class=\"top-worker-wrap\"><div class=\"top-worker\"><img decoding=\"async\" src=\"\/wp-content\/uploads\/2024\/04\/worker-01.webp\" alt=\"Budowlaniec\"><\/div><\/div>\n<\/div>\n<\/div>\n<\/div>\n<\/div>\n\n\n\n<div class=\"wp-block-columns alignfull gap0 is-layout-flex wp-container-core-columns-is-layout-4 wp-block-columns-is-layout-flex\">\n<div class=\"wp-block-column is-layout-flow wp-block-column-is-layout-flow\"><\/div>\n\n\n\n<div class=\"wp-block-column is-layout-flow wp-block-column-is-layout-flow\">\n<div class=\"wp-block-columns gap0 is-layout-flex wp-container-core-columns-is-layout-3 wp-block-columns-is-layout-flex\">\n<div class=\"wp-block-column is-layout-flow wp-block-column-is-layout-flow\" style=\"flex-basis:68%\">\n<div class=\"brico-logo-wrap\"><div class=\"brico-logo\"><img decoding=\"async\" src=\"\/wp-content\/uploads\/2024\/04\/logo-bricomarche-01.svg\" alt=\"Bricomarche\"><\/div><\/div>\n<\/div>\n\n\n\n<div class=\"wp-block-column is-layout-flow wp-block-column-is-layout-flow\" style=\"flex-basis:32%\"><\/div>\n<\/div>\n<\/div>\n<\/div>\n\n\n\n<div style=\"height:60px\" aria-hidden=\"true\" class=\"wp-block-spacer\"><\/div>\n\n\n\n<div class=\"wp-block-columns is-layout-flex wp-container-core-columns-is-layout-6 wp-block-columns-is-layout-flex\">\n<div class=\"wp-block-column is-layout-flow wp-block-column-is-layout-flow\">\n<div class=\"wp-block-columns is-layout-flex wp-container-core-columns-is-layout-5 wp-block-columns-is-layout-flex\">\n<div class=\"wp-block-column is-layout-flow wp-block-column-is-layout-flow\">\n<div class=\"zarejestruj\"><h3>Zarejestruj si\u0119!<\/h3><\/div>\n\n\n\n<div class=\"centrino\">\n    <p>Aby m\u00f3c skorzysta\u0107 z promocji musisz si\u0119 zarejestrowa\u0107.<\/p>\n    <p>Jak to dzia\u0142a?<\/p>\n<\/div>\n<\/div>\n<\/div>\n<\/div>\n<\/div>\n\n\n\n<div style=\"height:20px\" aria-hidden=\"true\" class=\"wp-block-spacer\"><\/div>\n\n\n\n<div class=\"wp-block-columns is-layout-flex wp-container-core-columns-is-layout-7 wp-block-columns-is-layout-flex\">\n<div class=\"wp-block-column is-layout-flow wp-block-column-is-layout-flow\">\n<div class=\"seq-wrap\">\n    <div class=\"seq-item\"><div class=\"seq-item-gfx\"><img decoding=\"async\" src=\"\/wp-content\/uploads\/2024\/04\/iko-rejestracja-01.svg\" alt=\"Zarejestruj si\u0119\"><p>Zarejestruj si\u0119<\/p><\/div><\/div>\n    <div class=\"seq-item\"><div class=\"seq-item-sequar\"><img decoding=\"async\" src=\"\/wp-content\/uploads\/2024\/04\/iko-seqar-01.svg\" alt=\"Strza\u0142ka\"><\/div><\/div>\n    <div class=\"seq-item\"><div class=\"seq-item-gfx\"><img decoding=\"async\" src=\"\/wp-content\/uploads\/2024\/04\/iko-awin-01.svg\" alt=\"Kontakt ze strony wykonawcy\"><p><span>Autoryzowany wykonawca<\/span> <br>skontaktuje si\u0119 z Tob\u0105 <br>i&nbsp;<span>przygotuje darmow\u0105 wycen\u0119<\/span><\/p><\/div><\/div>\n    <div class=\"seq-item\"><div class=\"seq-item-sequar\"><img decoding=\"async\" src=\"\/wp-content\/uploads\/2024\/04\/iko-seqar-01.svg\" alt=\"Strza\u0142ka\"><\/div><\/div>\n    <div class=\"seq-item\"><div class=\"seq-item-gfx\"><img decoding=\"async\" src=\"\/wp-content\/uploads\/2024\/04\/iko-voucher-01.svg\" alt=\"Voucher od wykonawcy\"><p>Po zrealizowaniu izolacji <br>od Wykonawcy otrzymasz <br><span>VOUCHER<\/span><\/p><\/div><\/div>\n    <div class=\"seq-item\"><div class=\"seq-item-sequar\"><img decoding=\"async\" src=\"\/wp-content\/uploads\/2024\/04\/iko-seqar-01.svg\" alt=\"Strza\u0142ka\"><\/div><\/div>\n    <div class=\"seq-item\"><div class=\"seq-item-gfx\"><img decoding=\"async\" src=\"\/wp-content\/uploads\/2024\/04\/iko-znizka-01.svg\" alt=\"Zakupy w Brico\"><p>Otrzymany VOUCHER <br>wymienisz na <br>kart\u0119 zakupow\u0105 o warto\u015bci <br><span>5% zlecenia<\/span> <br><span>w Twoim Brico Marche!<\/span><\/p><\/div><\/div>\n<\/div>\n<\/div>\n<\/div>\n\n\n\n<div style=\"height:100px\" aria-hidden=\"true\" class=\"wp-block-spacer nomobile\"><\/div>\n\n\n\n<div class=\"wp-block-columns is-layout-flex wp-container-core-columns-is-layout-8 wp-block-columns-is-layout-flex\">\n<div class=\"wp-block-column is-layout-flow wp-block-column-is-layout-flow\" style=\"flex-basis:15%\"><\/div>\n\n\n\n<div class=\"wp-block-column is-layout-flow wp-block-column-is-layout-flow\" style=\"flex-basis:70%\">\n<div class=\"wp-block-contact-form-7-contact-form-selector\">\n<div class=\"wpcf7 no-js\" id=\"wpcf7-f2967-o1\" lang=\"pl-PL\" dir=\"ltr\">\n<div class=\"screen-reader-response\"><p role=\"status\" aria-live=\"polite\" aria-atomic=\"true\"><\/p> <ul><\/ul><\/div>\n<form action=\"\/index.php?rest_route=%2Fwp%2Fv2%2Fpages%2F6#wpcf7-f2967-o1\" method=\"post\" class=\"wpcf7-form init wpcf7-acceptance-as-validation\" aria-label=\"Formularz kontaktowy\" novalidate=\"novalidate\" data-status=\"init\">\n<div style=\"display: none;\">\n<input type=\"hidden\" name=\"_wpcf7\" value=\"2967\" \/>\n<input type=\"hidden\" name=\"_wpcf7_version\" value=\"5.9.3\" \/>\n<input type=\"hidden\" name=\"_wpcf7_locale\" value=\"pl_PL\" \/>\n<input type=\"hidden\" name=\"_wpcf7_unit_tag\" value=\"wpcf7-f2967-o1\" \/>\n<input type=\"hidden\" name=\"_wpcf7_container_post\" value=\"0\" \/>\n<input type=\"hidden\" name=\"_wpcf7_posted_data_hash\" value=\"\" \/>\n<\/div>\n<div id=\"form-main01\">\n    <div class=\"formflex\">\n        <div class=\"formflex-item\">\n            <label> Twoje Imi\u0119 <span class=\"formop\">(obowi\u0105zkowe)<\/span><br>\n             <span class=\"wpcf7-form-control-wrap\" data-name=\"cr-imie\"><input size=\"40\" class=\"wpcf7-form-control wpcf7-text wpcf7-validates-as-required\" autocomplete=\"name\" aria-required=\"true\" aria-invalid=\"false\" value=\"\" type=\"text\" name=\"cr-imie\" \/><\/span> <\/label>\n        <\/div>\n        <div class=\"formflex-item\">\n         <label> Twoje Nazwisko <span class=\"formop\">(obowi\u0105zkowe)<\/span><br>\n          <span class=\"wpcf7-form-control-wrap\" data-name=\"cr-nazwisko\"><input size=\"40\" class=\"wpcf7-form-control wpcf7-text wpcf7-validates-as-required\" aria-required=\"true\" aria-invalid=\"false\" value=\"\" type=\"text\" name=\"cr-nazwisko\" \/><\/span> <\/label>\n        <\/div>\n    <\/div>\n    <div class=\"formflex\">\n        <div class=\"formflex-item\">\n         <label> Nr telefonu <span class=\"formop\">(obowi\u0105zkowe)<\/span><br>\n        <span class=\"wpcf7-form-control-wrap\" data-name=\"cr-telefon\"><input size=\"40\" class=\"wpcf7-form-control wpcf7-text wpcf7-validates-as-required\" aria-required=\"true\" aria-invalid=\"false\" value=\"\" type=\"text\" name=\"cr-telefon\" \/><\/span> <\/label>\n        <\/div>\n        <div class=\"formflex-item\">\n        <label> Tw\u00f3j adres e-mail<br>\n        <span class=\"wpcf7-form-control-wrap\" data-name=\"cr-email\"><input size=\"40\" class=\"wpcf7-form-control wpcf7-email wpcf7-text wpcf7-validates-as-email\" autocomplete=\"email\" aria-invalid=\"false\" value=\"\" type=\"email\" name=\"cr-email\" \/><\/span> <\/label>\n        <\/div>\n    <\/div>\n    <div class=\"formnasto\">\n         <label> Miejscowo\u015b\u0107 <span class=\"formop\">(obowi\u0105zkowe)<\/span><br>\n          <span class=\"wpcf7-form-control-wrap\" data-name=\"cr-miejscowosc\"><input size=\"40\" class=\"wpcf7-form-control wpcf7-text wpcf7-validates-as-required\" aria-required=\"true\" aria-invalid=\"false\" value=\"\" type=\"text\" name=\"cr-miejscowosc\" \/><\/span> <\/label>\n    <\/div>\n<div class=\"formbrico\">\n<p class=\"formpe\">Wybierz sw\u00f3j sklep<\/p>\n<div class=\"formlogo\"><img decoding=\"async\" src=\"\/wp-content\/uploads\/2024\/04\/logo-bricomarche-01.svg\" alt=\"Logo Brico Marche\"><\/div>\n<p class=\"formpe\">w kt\u00f3rym b\u0119dzie realizowany VOUCHER<\/p>\n<\/div>\n    <div class=\"formselect\">\n         <label> Wybierz sklep BRICO <span class=\"formop\">(obowi\u0105zkowe)<\/span><br>\n    <select id=\"substitute-select\">\r\n        <option value=\"\">\u2014Prosz\u0119 wybra\u0107 opcj\u0119\u2014<\/option>\r\n                    <option data-sklep-mail=\"\" data-wykonawca-name=\"Izolmax\" data-wykonawca-mail=\"info@izolmax.pl\">D\u0142uga 34\/A, 32-540, Trzebinia<\/option>\r\n                        <option data-sklep-mail=\"mejl-sklepu@testowy.pl\" data-wykonawca-name=\"Wekert\" data-wykonawca-mail=\"biuro@wekert.pl\">Piastowska 11, 58-200, Dzier\u017coni\u00f3w<\/option>\r\n                        <option data-sklep-mail=\"\" data-wykonawca-name=\"Wekert\" data-wykonawca-mail=\"biuro@wekert.pl\">al. Wojska Polskiego 80E, 58-150, Strzegom<\/option>\r\n                <\/select>\r\n\n<span class=\"wpcf7-form-control-wrap\" data-name=\"sklep\"><input size=\"40\" class=\"wpcf7-form-control wpcf7-text wpcf7-validates-as-required\" id=\"ukryty_sklep\" aria-required=\"true\" aria-invalid=\"false\" value=\"\" type=\"text\" name=\"sklep\" \/><\/span>\n<span class=\"wpcf7-form-control-wrap\" data-name=\"wykonawca_name\"><input size=\"40\" class=\"wpcf7-form-control wpcf7-text wpcf7-validates-as-required\" id=\"ukryty_wykonawca_name\" aria-required=\"true\" aria-invalid=\"false\" value=\"\" type=\"text\" name=\"wykonawca_name\" \/><\/span>\n<span class=\"wpcf7-form-control-wrap\" data-name=\"wykonawca_mail\"><input size=\"40\" class=\"wpcf7-form-control wpcf7-email wpcf7-validates-as-required wpcf7-text wpcf7-validates-as-email\" id=\"ukryty_wykonawca_mail\" aria-required=\"true\" aria-invalid=\"false\" value=\"\" type=\"email\" name=\"wykonawca_mail\" \/><\/span>\n<span class=\"wpcf7-form-control-wrap\" data-name=\"sklep_mail\"><input size=\"40\" class=\"wpcf7-form-control wpcf7-email wpcf7-text wpcf7-validates-as-email\" id=\"ukryty_sklep_mail\" aria-invalid=\"false\" value=\"\" type=\"email\" name=\"sklep_mail\" \/><\/span>\n  <\/label>  \n    <\/div>\n<div class=\"zgoda\">\n    <label>\n        <div class=\"zgoda-checkbox\"><span class=\"wpcf7-form-control-wrap\" data-name=\"zgoda\"><span class=\"wpcf7-form-control wpcf7-acceptance\"><span class=\"wpcf7-list-item\"><input type=\"checkbox\" name=\"zgoda\" value=\"1\" aria-invalid=\"false\" \/><\/span><\/span><\/span><\/div>\n        <div class=\"zgoda-text\">\n            <p>Aby skontaktowa\u0107 si\u0119 z nami za po\u015brednictwem powy\u017cszego formularza \u2013 prosimy podaj dane w nim\n                wskazane. Podanie danych jest dobrowolne, ale je\u015bli tego nie zrobisz, wys\u0142anie do nas wiadomo\u015bci w\n                ten spos\u00f3b nie b\u0119dzie mo\u017cliwe. Dane wykorzystywane s\u0105 wy\u0142\u0105cznie do kontaktu zwi\u0105zanego ze zg\u0142aszan\u0105 przez ciebie spraw\u0105 i nie s\u0105 udost\u0119pniane innym podmiotom.<\/p>\n            <p>Administratorem Twoich danych osobowych jest sp\u00f3\u0142ka PCC Prodex Sp. z o.o. z siedzib\u0105 w Brzegu Dolnym\n                (ul. Sienkiewicza 4, 56-120 Brzeg Dolny). W sprawie danych osobowych mo\u017cesz skontaktowa\u0107 si\u0119 z nami\n                e-mailowo: <a href=\"mailto:iodo@pcc.eu\">iodo@pcc.eu<\/a><\/p>\n            <p class=\"hidden\">Twoje dane przetwarzamy w celu komunikacji z Tob\u0105 i udzielenia odpowiedzi na Twoj\u0105\n                wiadomo\u015b\u0107. Podstaw\u0105 przetwarzania Twoich danych jest uzasadniony interes administratora danych lub\n                strony trzeciej (zwrotny kontakt z Tob\u0105, nasz marketing lub partner\u00f3w, w tym <a\n                    href=\"https:\/\/www.pcc.eu\/pcc-na-swiecie\/?lang=pl\" target=\"_blank\"\n                    rel=\"noopener noreferrer\">Grupy PCC<\/a>, kt\u00f3remu mo\u017cesz si\u0119 sprzeciwi\u0107), lub podj\u0119cie dzia\u0142a\u0144 na\n                Twoje \u017c\u0105danie, przed zawarciem ew. umowy \u2013 w zale\u017cno\u015bci od tre\u015bci Twojej wiadomo\u015bci. Twoje dane co\n                do zasady b\u0119dziemy przetwarza\u0107 do zako\u0144czenia komunikacji z Tob\u0105 lub do momentu wniesienia przez\n                Ciebie sprzeciwu, chyba \u017ce przepisy prawa b\u0119d\u0105 nas zobowi\u0105zywa\u0107 do d\u0142u\u017cszego przetwarzania tych\n                danych lub b\u0119dziemy je przechowywa\u0107 d\u0142u\u017cej na wypadek potencjalnych roszcze\u0144, przez okres ich\n                przedawnienia okre\u015blony przepisami prawa, w szczeg\u00f3lno\u015bci kodeksu cywilnego.<\/p>\n            <div class=\"hidden\">\n                <strong>W ka\u017cdym czasie masz prawo do:<\/strong>\n                <ul>\n                    <li>wniesienia sprzeciwu wobec przetwarzania Twoich danych;<\/li>\n                    <li>dost\u0119pu do swoich danych osobowych, w tym \u017c\u0105dania wydania ich kopii;<\/li>\n                    <li>\u017c\u0105dania sprostowania, ograniczenia przetwarzania lub usuni\u0119cia swoich danych;<\/li>\n                    <li>przenoszenia swoich danych osobowych, np. do innego administratora (chyba, \u017ce podstaw\u0105 ich\n                        przetwarzania jest prawnie uzasadniony interes administratora);<\/li>\n                    <li>wniesienia skargi do Prezesa Urz\u0119du Ochrony Danych Osobowych.<\/li>\n                <\/ul>\n            <\/div>\n            <p class=\"hidden\">Odbiorcami Twoich danych mog\u0105 by\u0107 firmy, kt\u00f3re wspieraj\u0105 nas w komunikacji z Tob\u0105 i\n                pomagaj\u0105 nam prowadzi\u0107 sklep, zewn\u0119trzne firmy doradcze (w tym prawne, marketingowe i rachunkowe)\n                lub zewn\u0119trzni specjali\u015bci z zakresu IT, w tym podmioty z <a\n                    href=\"https:\/\/www.pcc.eu\/pcc-na-swiecie\/?lang=pl\" target=\"_blank\"\n                    rel=\"noopener noreferrer\">Grupy PCC.<\/a><\/p>\n            <p class=\"hidden\">Wi\u0119cej o tym, jak przetwarzamy Twoje dane dowiesz si\u0119 z naszej <a\n                    href=\"\/polityka-prywatnosci\" target=\"_blank\" rel=\"noopener noreferrer\">Polityki Prywatno\u015bci<\/a>.\n            <\/p>\n        <\/div>\n    <\/label>\n    <span class=\"show-more-acceptance\">Czytaj wi\u0119cej<\/span>\n<\/div>\n<div class=\"gotowe\">i gotowe,<\/div>\n<div class=\"sabmit\">\n    <input class=\"wpcf7-form-control wpcf7-submit has-spinner wysbat\" type=\"submit\" value=\"Zarejestruj mnie!\" \/>\n<\/div>\n<\/div><div class=\"wpcf7-response-output\" aria-hidden=\"true\"><\/div>\n<\/form>\n<\/div>\n<\/div>\n<\/div>\n\n\n\n<div class=\"wp-block-column is-layout-flow wp-block-column-is-layout-flow\" style=\"flex-basis:15%\"><\/div>\n<\/div>\n\n\n\n<div style=\"height:100px\" aria-hidden=\"true\" class=\"wp-block-spacer\"><\/div>\n","protected":false},"excerpt":{"rendered":"<p>Skorzystaj w swoim domu z wyj\u0105tkowo skutecznej izolacji pian\u0105 PUR i zyskaj VOUCHER na&nbsp;5% warto\u015bci wykonania izolacji na zakupy w Zarejestruj si\u0119! Aby m\u00f3c skorzysta\u0107 z promocji musisz si\u0119 zarejestrowa\u0107. Jak to dzia\u0142a? Zarejestruj si\u0119 Autoryzowany wykonawca skontaktuje si\u0119 z Tob\u0105 i&nbsp;przygotuje darmow\u0105 wycen\u0119 Po zrealizowaniu izolacji od Wykonawcy otrzymasz VOUCHER Otrzymany VOUCHER wymienisz na [&hellip;]<\/p>\n","protected":false},"author":1,"featured_media":0,"parent":0,"menu_order":10,"comment_status":"closed","ping_status":"closed","template":"page-fullwidth.php","meta":{"_acf_changed":false,"inline_featured_image":false,"footnotes":""},"acf":[],"_links":{"self":[{"href":"https:\/\/brico.crossin.pl\/index.php?rest_route=\/wp\/v2\/pages\/6"}],"collection":[{"href":"https:\/\/brico.crossin.pl\/index.php?rest_route=\/wp\/v2\/pages"}],"about":[{"href":"https:\/\/brico.crossin.pl\/index.php?rest_route=\/wp\/v2\/types\/page"}],"author":[{"embeddable":true,"href":"https:\/\/brico.crossin.pl\/index.php?rest_route=\/wp\/v2\/users\/1"}],"replies":[{"embeddable":true,"href":"https:\/\/brico.crossin.pl\/index.php?rest_route=%2Fwp%2Fv2%2Fcomments&post=6"}],"version-history":[{"count":38,"href":"https:\/\/brico.crossin.pl\/index.php?rest_route=\/wp\/v2\/pages\/6\/revisions"}],"predecessor-version":[{"id":2978,"href":"https:\/\/brico.crossin.pl\/index.php?rest_route=\/wp\/v2\/pages\/6\/revisions\/2978"}],"wp:attachment":[{"href":"https:\/\/brico.crossin.pl\/index.php?rest_route=%2Fwp%2Fv2%2Fmedia&parent=6"}],"curies":[{"name":"wp","href":"https:\/\/api.w.org\/{rel}","templated":true}]}}